
Calculate the greatest common factor of 1888 and 1062.
118
What is the greatest common factor of 37557 and 39?
39
Calculate the highest common factor of 120 and 110.
10
What is the greatest common divisor of 49 and 7?
7
What is the greatest common divisor of 663 and 5694?
39
What is the highest common factor of 8580 and 44?
44
What is the greatest common divisor of 6 and 1506?
6
What is the greatest common divisor of 99 and 72?
9
What is the greatest common divisor of 928 and 20184?
232
Calculate the greatest common factor of 630 and 1540.
70
What is the greatest common factor of 8 and 10?
2
Calculate the greatest common factor of 240 and 282.
6
What is the highest common divisor of 288 and 5448?
24
Calculate the highest common divisor of 4256 and 64.
32
Calculate the greatest common factor of 11711 and 49.
49
What is the greatest common divisor of 21 and 4053?
21
What is the greatest common divisor of 16 and 1268?
4
What is the greatest common divisor of 225 and 25?
25
Calculate the highest common divisor of 7 and 11179.
7
What is the greatest common divisor of 2989 and 183?
61
What is the greatest common divisor of 2196 and 8662?
122
Calculate the highest common divisor of 9393 and 372.
93
Calculate the highest common factor of 380 and 60.
20
What is the highest common factor of 315 and 441?
63
Calculate the greatest common divisor of 65 and 55380.
65
What is the highest common factor of 339 and 24?
3
Calculate the greatest common factor of 9 and 30249.
9
Calculate the greatest common divisor of 166 and 2407.
83
Calculate the highest common factor of 38 and 190.
38
What is the highest common divisor of 11 and 187?
11
Calculate the greatest common divisor of 399 and 63.
21
What is the greatest common divisor of 25 and 5675?
25
Calculate the greatest common divisor of 133 and 38.
19
Calculate the highest common divisor of 32 and 1504.
32
What is the highest common divisor of 236 and 531?
59
Calculate the highest common divisor of 288 and 54.
18
Calculate the greatest common factor of 115 and 5.
5
What is the greatest common factor of 44807 and 259?
259
What is the highest common factor of 66 and 55?
11
Calculate the greatest common factor of 37 and 333.
37
What is the highest common factor of 20 and 530?
10
What is the greatest common divisor of 440 and 165?
55
What is the highest common divisor of 95 and 15?
5
Calculate the greatest common factor of 78 and 210.
6
What is the greatest common divisor of 368 and 112?
16
What is the highest common divisor of 210 and 105?
105
What is the highest common factor of 301 and 24381?
301
Calculate the greatest common divisor of 858 and 2244.
66
Calculate the greatest common factor of 480 and 1176.
24
Calculate the highest common factor of 31 and 310.
31
Calculate the greatest common divisor of 12 and 2004.
12
Calculate the greatest common factor of 230 and 17825.
115
Calculate the greatest common factor of 12 and 20430.
6
What is the greatest common factor of 12 and 84?
12
What is the greatest common divisor of 22 and 638?
22
What is the highest common factor of 26 and 78?
26
Calculate the highest common divisor of 92 and 15778.
46
What is the greatest common divisor of 261 and 18?
9
What is the greatest common factor of 86 and 817?
43
Calculate the greatest common divisor of 532 and 2212.
28
What is the highest common divisor of 14868 and 177?
177
What is the greatest common factor of 261 and 58?
29
What is the greatest common divisor of 128 and 1600?
64
What is the highest common factor of 715 and 2431?
143
Calculate the greatest common factor of 62 and 62.
62
What is the highest common divisor of 296 and 37?
37
What is the greatest common factor of 462 and 726?
66
Calculate the greatest common divisor of 2392 and 39.
13
What is the highest common factor of 630 and 777?
21
What is the greatest common divisor of 165 and 110?
55
Calculate the greatest common factor of 533 and 1300.
13
Calculate the highest common divisor of 210 and 32.
2
What is the greatest common factor of 10823 and 1096?
137
Calculate the highest common divisor of 39 and 4719.
39
What is the highest common divisor of 18 and 1152?
18
Calculate the highest common factor of 608 and 64.
32
Calculate the greatest common divisor of 8 and 21124.
4
Calculate the highest common divisor of 24 and 2172.
12
What is the greatest common divisor of 1005 and 60?
15
Calculate the highest common divisor of 78 and 27664.
26
Calculate the greatest common divisor of 177 and 767.
59
Calculate the greatest common divisor of 11983 and 138.
23
What is the greatest common divisor of 39909 and 318?
159
Calculate the greatest common divisor of 553 and 2133.
79
What is the highest common divisor of 472 and 16?
8
Calculate the highest common divisor of 39 and 1924.
13
Calculate the highest common divisor of 372 and 6789.
93
Calculate the highest common divisor of 1 and 182.
1
What is the highest common divisor of 2034 and 18?
18
What is the greatest common divisor of 752 and 1328?
16
What is the greatest common divisor of 33500 and 536?
268
Calculate the highest common factor of 845 and 4563.
169
What is the highest common factor of 70 and 595?
35
What is the highest common factor of 2640 and 99?
33
What is the greatest common factor of 44 and 36?
4
What is the highest common factor of 1075 and 43?
43
Calculate the greatest common factor of 27 and 108.
27
Calculate the greatest common factor of 12 and 144.
12
Calculate the highest common divisor of 46 and 4.
2
Calculate the greatest common divisor of 112 and 1744.
16
Calculate the greatest common factor of 8 and 980.
4
Calculate the highest common factor of 102 and 3009.
51
What is the greatest common divisor of 12 and 24?
12
Calculate the highest common factor of 119 and 17.
17
Calculate the highest common factor of 399 and 168.
21
Calculate the highest common divisor of 180 and 27180.
180
What is the highest common factor of 364 and 1625?
13
What is the highest common factor of 28 and 7196?
28
What is the greatest common divisor of 6973 and 19?
19
What is the highest common factor of 24 and 976?
8
What is the highest common divisor of 420 and 300?
60
What is the greatest common factor of 513 and 3021?
57
What is the greatest common divisor of 6 and 4335?
3
Calculate the highest common factor of 68 and 493.
17
Calculate the greatest common divisor of 840 and 672.
168
Calculate the highest common divisor of 49 and 2597.
49
What is the highest common factor of 51 and 39?
3
Calculate the greatest common divisor of 28 and 147.
7
What is the highest common divisor of 10 and 7760?
10
What is the highest common divisor of 8322 and 228?
114
What is the highest common divisor of 161 and 1743?
7
What is the greatest common factor of 2282 and 28?
14
What is the highest common divisor of 238 and 14?
14
Calculate the highest common factor of 120 and 1344.
24
What is the greatest common factor of 900 and 400?
100
Calculate the greatest common factor of 970 and 10.
10
What is the highest common divisor of 564 and 192?
12
Calculate the greatest common divisor of 320 and 512.
64
What is the greatest common divisor of 873 and 194?
97
Calculate the greatest common divisor of 75 and 7725.
75
What is the greatest common divisor of 359 and 7?
1
What is the highest common factor of 11260 and 140?
20
Calculate the highest common divisor of 182 and 4212.
26
Calculate the greatest common factor of 116 and 580.
116
Calculate the highest common factor of 1313 and 39.
13
What is the greatest common divisor of 46898 and 262?
262
Calculate the greatest common divisor of 36 and 261.
9
What is the highest common factor of 290 and 928?
58
What is the highest common factor of 74 and 148?
74
Calculate the highest common divisor of 28 and 1400.
28
What is the highest common factor of 48 and 636?
12
What is the highest common divisor of 207 and 72?
9
What is the greatest common factor of 12 and 13956?
12
What is the highest common factor of 1863 and 69?
69
Calculate the highest common factor of 5920 and 180.
20
What is the greatest common factor of 89 and 1157?
89
What is the greatest common divisor of 384 and 12?
12
What is the highest common factor of 817 and 43?
43
Calculate the highest common factor of 39 and 624.
39
Calculate the greatest 